- 3 = -5. Let a = t + 1. Let y = a + 7. Calculate the remainder when 17 is divided by y.
5
Suppose 3*q - 51 = -4*m + m, -3*q = -m + 29. What is the remainder when m is divided by 6?
2
Calculate the remainder when 2 - -2*(-11)/(-2) is divided by 8.
5
Let t(l) = 10*l + 1. Let x(c) = 1. Let f(a) = -t(a) - x(a). Calculate the remainder when f(-8) is divided by 20.
18
Suppose 6*l - 238 = -l. Calculate the remainder when l is divided by 9.
7
Let m be 148/(-6) - 14/(-21). Let w = -15 - m. Calculate the remainder when w is divided by 6.
3
Suppose y = -2*y + 12. What is the remainder when 56 is divided by (-4)/2*(-38)/y?
18
Let v(b) = b**2 - 4*b + 5. What is the remainder when v(7) is divided by 10?
6
Let l = 20 + -18. Suppose -46 = -4*c + l. Suppose 4*q - 3*g - 81 = 0, -2*q + 3*g - 6*g = -45. What is the remainder when q is divided by c?
9
Suppose -3*s + 2*i + 37 = 0, 10 = s + 5*i - 8. Suppose -3*x + 10 = 1. What is the remainder when 2*(-3 - x*-5) is divided by s?
11
Suppose 4*i = -4*m + 56, -4*m + 53 = -3*i + 6*i. Let c(s) = -s - 6. Let x be c(-8). Suppose 128 = 2*r + x*r. Calculate the remainder when r is divided by m.
10
Suppose -5*w - 17 = -2. Calculate the remainder when (3/2)/(w/(-158)) is divided by 27.
25
Suppose 3*m - 211 = -2*m - 2*p, 5*p + 10 = 0. What is the remainder when m is divided by ((-3)/2)/(1/(-10))?
13
Calculate the remainder when 2*-19*2/(-4) is divided by -6 - -9 - (-1 + -3).
5
Suppose -2*d = -47 - 3. Calculate the remainder when (8 + -1)/((-3)/(-21)) is divided by d.
24
Suppose -2*n - 26 = -2*t + n, 0 = -3*n. Calculate the remainder when 29 is divided by t.
3
Let q(a) = -a**3 + 5*a**2 + 8*a - 7. Suppose -2*g = -0*g - 3*x - 7, -2*g - 5*x - 1 = 0. Suppose -w + g = -4. What is the remainder when 13 is divided by q(w)?
3
Let c(v) = 3*v - 1. Let u be c(3). Let f(b) = 7*b + 9. What is the remainder when f(u) is divided by 17?
14
Suppose -22 + 9 = -y. What is the remainder when 50 is divided by y?
11
Suppose 18 = 2*r - 36. Suppose -3*p + 22 = 3*o - 26, -2*o = -3*p - 22. What is the remainder when r is divided by o?
13
Suppose 0*h - 48 = -3*n - 2*h, -n = -5*h + 1. Let o(q) = -18*q + 4. What is the remainder when o(-2) is divided by n?
12
Suppose -8*s = -6*s - 24. What is the remainder when 43 is divided by s?
7
Let l(m) = -m**3 + 2*m - 1. Let d be l(-2). Let h be (-2)/d + 88/6. Suppose h = -2*r + 4*r. Calculate the remainder when 27 is divided by r.
6
Let k be (-19)/(-2 - (0 + -1)). Suppose -9 = -y + k. Calculate the remainder when y is divided by (-1)/(2*1/(-30)).
13
Let a(d) = 2*d**2 + 12*d + 20. What is the remainder when a(-12) is divided by 33?
32
Let l = 15 - 18. Let y(j) = j**2 + j + 3. What is the remainder when y(l) is divided by 5?
4
Let a(v) = v**2 + 17*v - 2. Calculate the remainder when 45 is divided by a(-18).
13
Let n = -6 + 10. Suppose y = -2*y - 12. Let l = y - -7. What is the remainder when n is divided by l?
1
Let u = 20 + -38. Let n be (u/15)/((-4)/10). Suppose 3 - 39 = -n*y. What is the remainder when 22 is divided by y?
10
Suppose -w - 2*w = -4*n - 56, 0 = -n - 5. Let x(j) = j**2 + 2*j - 3. What is the remainder when x(5) is divided by w?
8
Suppose 130 = 5*w + t, 2*w - w - 5*t - 52 = 0. What is the remainder when w is divided by 10?
7
What is the remainder when ((-324)/(-8))/(3/4) is divided by 28?
26
Let g = -1 + 0. Let a be g*2/6*3. What is the remainder when 13 is divided by a/3*(-2 - 13)?
3
Let j be (-2 + 1)/(4/(-12)). Suppose 0 = -j*a + 34 + 41. Calculate the remainder when a is divided by (-6)/(5/((-30)/4)).
7
Suppose -y - 15 = -4*y. Suppose 0 = y*w - 170 + 55. What is the remainder when w is divided by 8?
7
Let w be (1/(-2))/(1/(-4)). Suppose -5*p = -2*h + 204, -h - w*p = -54 - 48. What is the remainder when h is divided by 26?
24
Let i = 5 - 2. Suppose 8 = 4*o - 8, -5*p + i*o = -48. Suppose -4*t - 5*x = -130, -101 = -t - 2*t - 2*x. What is the remainder when t is divided by p?
11
Let v be (16*1)/(-2) - 1. Let j be 3*1*(-3)/v. Let b(h) = 19*h**3 + h**2 - 1. Calculate the remainder when 55 is divided by b(j).
17
Suppose c - h + 5 = -0*h, -4*h = -c - 8. Suppose -36 = 5*m + 94. What is the remainder when (m/c)/((-1)/(-4)) is divided by 14?
12
Suppose a = -5*m + 156, 0*m - 97 = -3*m - 4*a. Calculate the remainder when 121 is divided by m.
28
Let h = 70 - 24. What is the remainder when h is divided by 16?
14
Suppose -k - 2*k - y + 274 = 0, -4*k - 5*y = -358. Calculate the remainder when k is divided by 24.
20
Suppose 0 = -o + 6 - 2. Suppose -k = -4*m + 103, -m - o*k + 6*k = -17. Calculate the remainder when m is divided by 41/3 + 2/6.
13
Calculate the remainder when 57 is divided by 16 - (-2 + (-1 - 1)).
17
Suppose -2*q - 3*f = -91, q = 3*f - 0*f + 41. What is the remainder when q is divided by 8?
4
Calculate the remainder when 1 - (8*3)/(-4) is divided by 5.
2
What is the remainder when 68 is divided by (14/(-5))/((-26)/65)?
5
Let i = -2 - -8. Let d be 2 - (-15)/i*2. Suppose c - d = 22. What is the remainder when c is divided by 15?
14
Let g = -168 + 181. Calculate the remainder when 76 is divided by g.
11
Suppose 5*v = 3*v + 16. Calculate the remainder when 2 is divided by 4/(-12) - v/(-6).
0
Let f(l) be the first derivative of -5*l**4/2 + l**3/3 + l**2 + l + 2. What is the remainder when f(-1) is divided by 6?
4
Let i = -17 + 29. Let l(z) = z**2 - 4. Let r be l(-3). Suppose 191 = r*g + 4*m, 3*g - m = 3*m + 89. Calculate the remainder when g is divided by i.
11
Let s = 3 - 2. Let g = 83 + -27. Calculate the remainder when s/(6/g)*3 is divided by 15.
13
Suppose 116 = 9*w - 19. What is the remainder when w is divided by 6?
3
Let q be (-4*3)/((-4)/114). Suppose -3*h = 5*x - 91 - 123, 0 = 5*h + x - q. Calculate the remainder when 9 is divided by 2/9 - h/(-18).
1
Suppose 26 = 5*h - 84. Suppose 4*l - 2*l - 84 = 0. What is the remainder when l is divided by h?
20
Let a = -13 - -29. Let o(h) = -h**3 + 4*h**2 + h - 2. What is the remainder when o(-3) is divided by -6*(a/(-12) + -2)?
18
Let a = -2 + 1. Calculate the remainder when 4 is divided by 0 - -1 - (a + 0).
0
Let c(m) = -m**3 - m**2 + 70. Calculate the remainder when c(0) is divided by 24.
22
Let c(v) = v**2 + 3*v + 3. Suppose -t = 0, t - 3*t = -4*g + 16. What is the remainder when c(g) is divided by 4/(-12)*-3 + 15?
15
Suppose -g = 3*n - 29, 2*n = 5*g - 35 - 59. Calculate the remainder when 58 is divided by g.
18
What is the remainder when 58 is divided by 4 - 4/(-4 - (-2 + 0))?
4
Suppose 54 = -2*j + 234. Suppose -39 = -3*m + j. What is the remainder when m is divided by 15?
13
Let j(q) = -q**3 + 4*q**2 + 5*q + 2. Let b be j(5). Suppose -3*f + 3 = -b*f. Suppose u - 3 = f. What is the remainder when 16 is divided by u?
4
Let q(b) = -b**3 - 3*b**2 + 8*b - 3. Suppose -3*i + 20 = 2*r - 7*i, 4*r = 3*i + 30. Suppose 3*y - r*y = -12. What is the remainder when q(-5) is divided by y?
3
Suppose w - 2 - 19 = 0. Let a(z) = 9*z**2 - 2*z + 1. Let f be a(-2). Let v = 82 - f. Calculate the remainder when v is divided by w.
20
Let g be (-1 - -2) + 63*1. Suppose -4*u + 64 = -100. Let i = g - u. Calculate the remainder when i is divided by 12.
11
Let h = -34 - -59. What is the remainder when 123 is divided by h?
23
Let a(v) = v + 254. Let q be a(0). Suppose 3*o - 171 = -5*f + q, -401 = -3*o + f. Let c = -91 + o. Calculate the remainder when c is divided by 15.
14
Suppose 0 = 4*g - 9*g + 145. Calculate the remainder when 112 is divided by g.
25
Let v be (6*-1 - 3)*-1. Calculate the remainder when 28 - -1 - (v - 5) is divided by 9.
7
Let f = 7 + 43. Suppose -g + f = 2*s - 0*g, 125 = 5*s - g. Calculate the remainder when s is divided by 14.
11
Suppose -5*a = 15, 3*i - 5*a = -0*i + 9. Let p = 2 + i. Suppose p = -h + 8. Calculate the remainder when 14 is divided by h.
6
Suppose -2*q + 17 = 3*i, -4*q + 90 = q - 2*i. What is the remainder when 47 is divided by q?
15
Suppose -3*x + 70 = 2*g - 183, 0 = -4*g + 5*x + 495. Calculate the remainder when g is divided by 42.
41
Let w be 4/(-14) + (-65)/(-7). What is the remainder when 4 is divided by (6/w*3)/1?
0
Let w = -4 - -6. Suppose -x + 1 - w = 0. Calculate the remainder when 51 - -1*(1 - x) is divided by 18.
17
Suppose 3*t + 0 = 6. What is the remainder when 5 is divided by t?
1
Let d(j) = j**2 + 4*j - 2. Let q(v) = -v**2 - 5*v - 3.